on divisor of 4 and p.
2
Let h = 740 + -660. Suppose -28 = -x + 2*f, 3*x + 2*f - 6*f = h. Suppose -6 = -l + 3. Calculate the greatest common factor of x and l.
3
Suppose 22 = y + u, -5*u = -y - 0 - 2. Let s be (16/y)/((-8)/(-36)). Suppose 16 + 1 = 5*w + 2*p, -s*w - p = -16. What is the highest common factor of 35 and w?
5
Let f(p) = 20*p + 67. Let w be f(-1). Suppose 2*h = -3*a + 711, -2*h + 6*h - 717 = -3*a. What is the greatest common factor of a and w?
47
Suppose 63*o - 64*o + 270 = 0. What is the greatest common divisor of 60 and o?
30
Let x = 622 - 630. Let i(y) = 30*y + 248. Let o be i(x). Let s be (-1 - 1)/(1/(-16)). What is the greatest common factor of o and s?
8
Let a = 1281 + 2409. What is the greatest common divisor of 36 and a?
18
Let h be (-399)/38*552/(-9). Let o = h + -597. Calculate the highest common factor of 376 and o.
47
Suppose 5*z + 2*x = 4*x - 69, -2*z + 2*x = 30. Let c(t) = t + t**2 - 2*t + 4*t + 34 + 2*t - 50. Let u be c(z). Calculate the highest common factor of 22 and u.
22
Let v = 435 + -433. Let o(l) = 143*l + 11. Let y be o(v). What is the greatest common divisor of 66 and y?
33
Let a be 58/16*712/89. Calculate the greatest common factor of 3973 and a.
29
Suppose 2*a - 3998 = -4*k - 1060, a - 1525 = 5*k. Calculate the greatest common factor of a and 5130.
135
Suppose -3*c - 4044 = 3947*k - 3950*k, -5*k + 6732 = -3*c. Suppose 3*l + 15 = 0, -4*l + 6 = 3*p - 37. What is the greatest common divisor of p and k?
21
Let m(u) = u**3 + 7*u**2 + 2*u - 10. Let j = -527 + 521. Let q be m(j). What is the greatest common factor of 18 and q?
2
Suppose -196*z = -195*z - 28. Let r(k) = k**2 - 26*k - 32. Let w be r(z). What is the greatest common factor of 528 and w?
24
Let a = 321 + -193. Let j = a + -113. Suppose -1 = g, -g = p - j - 54. What is the highest common divisor of p and 35?
35
Suppose -5*z - l + 19 = 0, -7*l + 8*l - 4 = 0. Suppose -m = -z*o + m + 723, 4*m - 255 = -o. Calculate the greatest common factor of 9 and o.
9
Let q(a) = -8*a**3 - 6*a**2 - 52*a - 262. Let v be q(-7). Calculate the highest common factor of 44 and v.
44
Suppose -15*v - 10829 = -38*v + 10*v. Calculate the highest common divisor of 34 and v.
17
Suppose 119 = 4*c + 5*w, -c = w - 22 - 7. Suppose 127*q + 4 = 129*q. Let g be ((-26)/8)/((-1)/40*q). Calculate the highest common factor of c and g.
13
Let m be (11 + -38)/((-1)/3). Suppose -3*s + 45 = 3*j, 0*s + m = 5*j + 2*s. Let t(c) = 188*c - 1. Let q be t(1). What is the greatest common divisor of j and q?
17
Let w be (2 - 9/6)/((-4)/(-472)). Suppose 57*l = w*l + 12. Let i be (147/l)/((-3)/(9 + -3)). Calculate the greatest common factor of i and 14.
7
Suppose 5*q - 3*s = 945, -4*q + s + 568 = -195. What is the greatest common divisor of q and 3008?
64
Suppose -33*v + 176 = -25*v. Let c(b) = b - 13. Let o be c(v). Calculate the greatest common factor of 9 and o.
9
Let g = -2832 - -2877. What is the greatest common divisor of g and 285?
15
Suppose -85 = -5*z - 10. Suppose 0 = 3*m - 5*n - 15, 3*m + 4*n = -0*m + z. Suppose -10*h + 115 = -m*h. What is the highest common factor of 161 and h?
23
Let x(t) = -111*t**2 - 230*t + 22. Let m be x(-2). Suppose 2*k - 158 = 2*u, k + 3*u + 161 = 3*k. What is the greatest common divisor of m and k?
38
Let c(w) = w**3 - 2*w**2 - w - 14. Let x be c(5). Suppose x = -3*o + 7*o. What is the highest common divisor of o and 21?
7
Suppose 0 = p + 511 - 1148. What is the greatest common divisor of p and 26?
13
Let u(a) = 3*a**2 - 10*a - 11. Let l be u(-1). Let t be 25/3 - l/(-21)*7. Calculate the highest common divisor of 117 and t.
9
Let q(k) = 13*k**2 + k + 1. Let d be q(3). Suppose -5*p + d = -164. What is the greatest common factor of p and 19?
19
Suppose 52*n - 96071 = -86690 + 252543. Calculate the highest common factor of 69 and n.
69
Suppose -4*y = 3 + 13. Let g be -55 + (7 - 4) + y. Let c be (g/(-6) - 2/6) + 3. What is the greatest common factor of 12 and c?
12
Suppose 5701 = 14*x + 241. Let k(n) = 38*n + 2. Let j be k(2). Calculate the highest common factor of j and x.
78
Let b(i) = 11*i**3 + 2*i**2 + 130*i - 893. Let j be b(7). Calculate the highest common divisor of j and 8.
8
Suppose 3*i + 2*a = 216, 0*i = -4*i - 4*a + 292. Suppose 22*j = 24*j - i. What is the greatest common divisor of 21 and j?
7
Let u = -142 - -249. What is the greatest common factor of 4708 and u?
107
Let y be (-2)/(-4)*(2 - -16). Let h be (10 - y) + 1/(-1 - -2). Suppose 5*z + 3*o - 37 = 0, 0*o - 2 = -2*z + h*o. What is the highest common divisor of 5 and z?
5
Suppose 744*t - 594*t - 21600 = 0. What is the greatest common divisor of t and 126?
18
Suppose 4*u + 2580 = -4*l, -5*l + u - 768 - 2451 = 0. Let p = l + 653. What is the highest common factor of p and 36?
9
Let z be 9/(-1 + (-19)/(-16)). Suppose -4*r - 11*r = -3600. Calculate the greatest common factor of r and z.
48
Suppose 304 = 28*b + 9824. Let v = b + 528. Calculate the highest common divisor of 4 and v.
4
Suppose -80*o + 39*o = -283392. What is the greatest common factor of 64 and o?
64
Let b(x) = -x**2 - 28*x - 154. Let v be b(-6). Let i = 40 - v. What is the greatest common divisor of 186 and i?
62
Suppose -24 - 265 = -17*z - 51. Let x(h) = h**3 + h + 4. Let r be x(0). Suppose 0 = -0*f - r*f + 112. Calculate the greatest common divisor of f and z.
14
Let s = -270 - -51. Let i be s/(-5) + ((-3)/(-1))/15. Let z be (1 - -5)*(-5 + (-51)/(-9)). What is the greatest common divisor of z and i?
4
Let w be (-2)/(3*12/18). Let c be 5/(w/(456/(-8))). Calculate the highest common divisor of 57 and c.
57
Suppose 5*s - 4*s = 3, 0 = 2*x + 5*s - 47. Let j = -9 + 0. Let f(y) = -y + 15. Let m be f(j). Calculate the greatest common factor of m and x.
8
Suppose 8*s - 5645 = -6133. Let j = -84 - -183. Let u = j + s. Calculate the highest common factor of 19 and u.
19
Suppose 114*j - 4*z - 1812 = 109*j, 3*j - 5*z = 1082. Calculate the highest common divisor of j and 2884.
28
Suppose -8*a - 134 = -614. Let r = a + -60. Suppose 3*l + 11 - 29 = r. What is the highest common factor of 24 and l?
6
Suppose -3*x - 956 = -5*z + 2594, 0 = z + 3*x - 710. Let m be 1/(-6) + (13 - z/60). What is the greatest common factor of 121 and m?
1
Suppose -3*t + 1058 = 4*f, f + 3*t - 284 = -t. Calculate the highest common factor of f and 9230.
130
Let c be 4*2/(-4) - -569. Let r be (-44)/(-2) + ((-4)/14)/(36/126). What is the greatest common factor of c and r?
21
Suppose -7*m = -2*m - 5, -q + 5 = -3*m. Calculate the greatest common divisor of q and 2008.
8
Let u = -64 - -64. Let v(g) = g**3 - 2*g**2 - g + 35. Let p be v(u). What is the greatest common factor of p and 175?
35
Let r be (0 - ((-4)/4 + -2)) + 11. Let x = 14 - 9. Suppose -a = 2*w - r - x, 2*a + w - 50 = 0. Calculate the greatest common factor of 243 and a.
27
Let o = -2114 + 2244. Calculate the highest common factor of 3445 and o.
65
Let p(b) = -124*b**3 + 5*b**2 - 7*b - 12. Let n be p(-1). What is the highest common factor of n and 11904?
124
Let m = -4244 - -4372. What is the greatest common divisor of m and 560?
16
Let h = 364 + -291. Suppose 0 = 5*l - 37 - h. What is the highest common divisor of l and 11?
11
Suppose 200 = 24*x - 4*x. Let z be 3/((12/x)/((-552)/(-60))). What is the highest common factor of 184 and z?
23
Suppose 4*u + 3*s - 56 = 56, 5*u + 2*s = 133. Let q(g) = g**3 + 27*g**2 + 180*g + 10. Let p be q(-12). Calculate the greatest common factor of u and p.
5
Suppose 2*l - 2*t - 76 = 0, -5*l - 3*t = -3453 + 3255. Calculate the greatest common factor of l and 3939.
39
Let f be -2 + 3 + 14/(-2). Let h = 521 - 525. Let d be f/h + 338/4 + -1. Calculate the highest common divisor of d and 34.
17
Let o(d) = 126*d + 102. Let u be o(8). Suppose 9*h - u = -318. Calculate the greatest common divisor of 22 and h.
22
Suppose 9 = -y + 2*p, -3*y = y + 5*p + 49. Let n(k) = -k**2 - 13*k + 16. Let d be n(y). Let c = 55 + d. Calculate the greatest common divisor of 62 and c.
31
Let v(u) be the first derivative of -21*u - 8/3*u**3 + 1/2*u**2 + 1/4*u**4 + 29. Let w be v(10). Calculate the greatest common divisor of w and 7.
7
Suppose -10*a = -4 + 4. Suppose -4*d + 1172 - 332 = a. Calculate the highest common factor of d and 84.
42
Suppose j - 4*z = 5, 0 = -72*z + 68*z + 4. Suppose p = 254 + 322. What is the greate